5?
7
What is the ten thousands digit of 40732?
4
What is the millions digit of 1123572?
1
What is the tens digit of 1525936?
3
What is the ten thousands digit of 82480?
8
What is the ten thousands digit of 221687?
2
What is the thousands digit of 23282831?
2
What is the hundreds digit of 321415?
4
What is the ten thousands digit of 5992909?
9
What is the hundred thousands digit of 4038391?
0
What is the ten thousands digit of 9766067?
6
What is the hundred thousands digit of 2855557?
8
What is the ten thousands digit of 3295144?
9
What is the thousands digit of 173986?
3
What is the ten millions digit of 12830016?
1
What is the hundred thousands digit of 7184197?
1
What is the units digit of 18999?
9
What is the ten millions digit of 22913789?
2
What is the ten thousands digit of 245725?
4
What is the thousands digit of 744214?
4
What is the ten thousands digit of 205709?
0
What is the ten thousands digit of 515772?
1
What is the thousands digit of 36007709?
7
What is the units digit of 308677?
7
What is the units digit of 489407?
7
What is the thousands digit of 1858959?
8
What is the ten thousands digit of 4418969?
1
What is the thousands digit of 479373?
9
What is the hundred thousands digit of 236842?
2
What is the hundreds digit of 13143456?
4
What is the units digit of 1193566?
6
What is the millions digit of 2078381?
2
What is the tens digit of 2540279?
7
What is the tens digit of 8899944?
4
What is the millions digit of 22571733?
2
What is the millions digit of 6121727?
6
What is the units digit of 61661?
1
What is the thousands digit of 10496914?
6
What is the tens digit of 7067049?
4
What is the tens digit of 715576?
7
What is the hundreds digit of 507092?
0
What is the millions digit of 1310769?
1
What is the thousands digit of 75683?
5
What is the hundred thousands digit of 407118?
4
What is the tens digit of 934002?
0
What is the thousands digit of 361629?
1
What is the ten thousands digit of 158845?
5
What is the hundred thousands digit of 989444?
9
What is the ten thousands digit of 5093375?
9
What is the thousands digit of 569763?
9
What is the hundreds digit of 139987?
9
What is the hundred thousands digit of 1878016?
8
What is the ten thousands digit of 6543995?
4
What is the hundred thousands digit of 133213?
1
What is the thousands digit of 1689005?
9
What is the hundred thousands digit of 5189837?
1
What is the thousands digit of 85521?
5
What is the units digit of 258220?
0
What is the millions digit of 18554404?
8
What is the units digit of 5797321?
1
What is the hundreds digit of 1243240?
2
What is the units digit of 4274067?
7
What is the thousands digit of 610973?
0
What is the ten thousands digit of 208873?
0
What is the tens digit of 10188013?
1
What is the ten thousands digit of 769430?
6
What is the hundreds digit of 193196?
1
What is the hundreds digit of 305808?
8
What is the hundreds digit of 97086?
0
What is the ten thousands digit of 5826755?
2
What is the ten thousands digit of 115397?
1
What is the tens digit of 4852332?
3
What is the millions digit of 4822376?
4
What is the tens digit of 4170494?
9
What is the millions digit of 1648153?
1
What is the tens digit of 25477?
7
What is the thousands digit of 151684?
1
What is the hundred thousands digit of 887066?
8
What is the tens digit of 1123189?
8
What is the hundred thousands digit of 2130538?
1
What is the hundreds digit of 490274?
2
What is the millions digit of 19038497?
9
What is the hundreds digit of 6996746?
7
What is the hundred thousands digit of 492738?
4
What is the tens digit of 19249109?
0
What is the millions digit of 2299332?
2
What is the thousands digit of 30779435?
9
What is the thousands digit of 9287521?
7
What is the ten thousands digit of 5011820?
1
What is the ten thousands digit of 788837?
8
What is the hundred thousands digit of 8846121?
8
What is the tens digit of 7391230?
3
What is the ten millions digit of 11128313?
1
What is the thousands digit of 477289?
7
What is the hundred thousands digit of 266185?
2
What is the thousands digit of 754400?
4
What is the hundred thousands digit of 1759715?
7
What is the hundreds digit of 303756?
7
What is the tens digit of 5007332?
3
What is the hundreds digit of 137386?
3
What is the tens digit of 14279702?
0
What is the millions digit of 1308351?
1
What is the tens digit of 10637578?
7
What is the units digit of 67547?
7
What is the hundreds digit of 4288547?
5
What is the hundreds digit of 5195208?
2
What is the thousands digit of 517083?
7
What is the thousands digit of 220417?
0
What is the ten thousands digit of 12463950?
6
What is the ten millions digit of 25892864?
2
What is the units digit of 241779?
9
What is the hundreds digit of 210386?
3
What is the millions digit of 8094605?
8
What is the units digit of 2268287?
7
What is the tens digit of 15270465?
6
What is the tens digit of 2869136?
3
What is the ten thousands digit of 3290296?
9
What is the ten thousands digit of 33526?
3
What is the ten thousands digit of 4198002?
9
What is the tens digit of 3571246?
4
What is the hundreds digit of 705606?
6
What is the units digit of 107727?
7
What is the thousands digit of 421339?
1
What is the thousands digit of 1632761?
2
What is the thousands digit of 632483?
2
What is the millions digit of 1649798?
1
What is the ten thousands digit of 26752?
2
What is the units digit of 1192668?
8
What is the thousands digit of 264023?
4
What is the thousands digit of 5929890?
9
What is the hundreds digit of 1447406?
4
What is the tens digit of 7224335?
3
What is the thousands digit of 1539172?
9
What is the ten thousands digit of 26615504?
1
What is the ten thousands digit of 664646?
6
What is the units digit of 1235003?
3
What is the units digit of 2452646?
6
What is the units digit of 94152?
2
What is the hundreds digit of 52727?
7
What is the hundred thousands digit of 6158112?
1
What is the tens digit of 176114?
1
What is the thousands digit of 18868087?
8
What is the hundreds digit of 9422430?
4
What is the thousands digit of 422334?
2
What is the units digit of 1085067?
7
What is the tens digit of 1986950?
5
What is the ten thousands digit of 24260648?
6
What is the units digit of 615978?
8
What is the tens digit of 85651?
5
What is the thousands digit of 27253247?
3
What is the tens digit of 208909?
0
What is the hundred thousands digit of 225814?
2
What is the hundreds digit of 165017?
0
What is the hundreds digit of 121440?
4
What is the units digit of 121334?
4
What is the hundreds digit of 10942?
9
What is the hundreds digit of 343211?
2
What is the ten thousands digit of 5184801?
8
What is the hundred thousands digit of 3083295?
0
What is the ten thousands digit of 16184834?
8
What is the thousands digit of 306190?
6
What is the thousands digit of 19808362?
8
What is the units digit of 8240849?
9
What is the hundred thousands digit of 1236971?
2
What is the units digit of 8379272?
2
What is the hundred thousands digit of 925006?
9
What is the tens digit of 314018?
1
What is the tens digit of 167955?
5
What is the ten millions digit of 17105376?
1
What is the thousands digit of 429631?
9
What is the hundreds digit of 1553770?
7
What is the ten thousands digit of 1565690?
6
What is the millions digit of 17499492?
7
What is the ten thousands digit of 40926?
4
What is the ten thousands digit of 4834072?
3
What is the tens digit of 12476?
7
What is the hundred thousands digit of 595859?
5
What is the thousands digit of 503495?
3
What is the thousands digit of 49756?
9
What is the hundred thousands digit of 9393635?
3
What is the ten thousands digit of 251374?
5
What is the ten thousands digit of 546738?
4
What is the units digit of 1928416?
6
What is the thousands digit of 2195409?
5
What is the thousands digit of 3254877?
4
What is the hundred thousands digit of 13066298?
0
What is the tens digit of 4165763?
6
What is the tens digit of 2308853?
5
What is the ten thousands digit of 4839664?
3
What is the millions digit of 7537799?
7
What is the ten millions digit of 23840275?
2
What is the tens digit of 21242912?
1
What is the units digit of 1658276?
6
What is the tens digit of 1929?
2
What is the ten thousands digit of 146966?
4
What is the hundreds digit of 5118163?
1
What is the hundr